.
-15
Let i(x) be the second derivative of -x**4/12 + x**3/6 - 39*x**2/2 - x - 188. Suppose -3*c + 3 = 4*u, 4*u - 7*c + 3*c + 4 = 0. What is i(u)?
-39
Let l(v) = -2*v**3 + 4*v. Let m(y) = 3*y**3 + 7*y**2 - 18*y + 20. Let o(t) = 2*l(t) + m(t). What is o(6)?
-4
Let d = -9 - -15. Let g(z) = 5*z**2 - 3*z + 1. Let t(l) = -l**2 + l + 1. Let w(i) = d*t(i) + g(i). Let m be w(0). Let c(f) = f**2 - 7*f. Determine c(m).
0
Let r be -4 - (-10 + 19 - 23). Let z(x) = x**3 - 10*x**2 - x + 4. Give z(r).
-6
Suppose -5*a = 3*j, a = -3*j - 0*j - 12. Let c(y) = -y - 10. Let d(g) = 2*g + 19. Let n(p) = j*c(p) - 3*d(p). Let r = 64 + -72. Give n(r).
1
Let f = -1254 + 1254. Let r(z) = 3*z - 11. Calculate r(f).
-11
Let x = 6 + -2. Let g = x + -10. Let a(i) = 4*i**2 + 168*i**3 - 7 - 133*i**3 - 20*i**3 - 10*i - 14*i**3. What is a(g)?
-19
Let r be ((-21)/4)/(21/(-56)). Suppose -l - r = -3*l. Let s(u) = 10 - 2 + u - l. Give s(1).
2
Let k(u) = -u + 1. Let c(z) = 12*z - 9*z - 26 - 8. Let r be c(10). Let g be (6/(-8))/(r/(-3 + 19)). Give k(g).
-2
Let t(i) = -i - 20. Let v be t(-14). Let o(y) = y**3 + 3*y**2 - 14*y + 14. What is o(v)?
-10
Let q(v) be the second derivative of v**5/20 - 3*v**4/2 + 77*v**3/6 + 9*v**2/2 + 15*v - 270. What is q(11)?
9
Suppose 4*n - 307 = 2*d - n, 0 = -2*d + n - 303. Let z = d + 154. Let a(t) = -t**3 - 179*t**2 + z - 3 + 180*t**2. Give a(2).
-4
Suppose 31*x - 34*x - 6 = 0. Let u(m) = -m**2 - m + 1. Let y(w) = -3*w**2 - 2*w + 6. Let f(n) = x*u(n) + y(n). Determine f(-3).
-5
Suppose -81*r + 87*r = 42. Let d(k) be the third derivative of k**5/60 - k**4/3 - 5*k**3/3 - 112*k**2. Calculate d(r).
-17
Let u = 20 - -9. Suppose 0 = -2*j - g - 0 + 15, g - u = -4*j. Let i(n) be the third derivative of -n**4/24 + 5*n**3/6 + 64*n**2. What is i(j)?
-2
Let i(p) be the third derivative of p**5/60 - p**4/3 - 11*p**3/6 - 597*p**2. Give i(8).
-11
Let o = 305 - 303. Let f(h) = -19*h + 11*h + 6*h - h**o + 5. Determine f(-4).
-3
Let h(a) = 34824*a**3 + 1 + 34837*a**3 - 69688*a**3. What is h(1)?
-26
Suppose -21 = -5*l + 4*p + 1, p + 13 = 5*l. Let h(n) = -1 - n + 1 - 18*n**l + 17*n**2. Let m be (-1)/(-8 - 170/(-20)). What is h(m)?
-2
Let f(r) be the second derivative of -r**5/20 + r**4 + 11*r**3/6 + 21*r**2/2 + 2279*r. Give f(13).
-5
Let t(n) = -3 - 33*n**2 - 5*n + 13*n + 62*n**2 - 28*n**2. Calculate t(-4).
-19
Let h(w) = 4*w + 3. Let b be (-2 + 0)/(0 + (-3 - -5)). Let y be h(b). Let a(o) = -28*o**2 - o. Give a(y).
-27
Let c(d) = 27*d**2 - 90*d + 3. Let n be c(3). Let t(u) = u**3 + 26*u**2 + 49*u + 14. Determine t(n).
-10
Let x(p) = -9*p + 1. Let a(z) = -88*z - 399. Let r(v) = -a(v) + x(v). Give r(-5).
5
Let g(m) = -33*m**2 + 113*m + 12. Let t(l) = -8*l**2 + 28*l + 3. Let i(x) = 6*g(x) - 26*t(x). Determine i(5).
-6
Let c(r) = r**2 - 22*r + 36*r + 198 - 330. What is c(-21)?
15
Let q(y) = 6*y - 5. Let f be q(2). Let l(d) = d**2 - f*d**2 + 9*d**2 - 2 + d. Let u = -556 + 554. Determine l(u).
8
Let z(g) = -g**3 + 169*g**2 + 172*g - 337. Let r be z(170). Let i(s) = -2*s**3 + 2*s**2 + 2*s + 5. Give i(r).
-25
Suppose -197 = -5*i - 182. Let m = 0 - -3. Suppose -2*x = 2, -i*x = m*p - 0*p. Let v(l) = 11*l**3 - 2*l**2 + 1. Determine v(p).
10
Let s be (-16)/(-6) + 1 - (-936)/702. Let b(w) = -16*w + 28. Let f(z) = 11*z - 19. Let v(n) = 5*b(n) + 7*f(n). What is v(s)?
-8
Suppose 0 = -37*j + 33*j + 4, -j + 37 = 3*w. Let y(l) = 2*l - 15. Calculate y(w).
9
Let a = 313 - 142. Let f be ((-4)/(-12) + 1)/((-19)/a). Let j(w) = -3*w - 32. Give j(f).
4
Let n be -1 + 8 + (3 - 7). Let s(x) = x**2 + 13*x - 3. Let r(m) = m**2 + 8*m - 2. Let g(b) = n*s(b) - 5*r(b). Give g(-3).
-14
Suppose 21 - 66 = -9*o. Let v be o + -8 - (-1 + 5 - 1). Let k(f) be the first derivative of -f**2 - 9*f - 9. Calculate k(v).
3
Suppose 0*h = 3*h - 12. Let s(v) = v**3 + 24*v**2 - 2*v - 46. Let m be s(-24). Let z(u) = 26*u**m - 16*u**2 + h*u - 11*u**2 + 7. What is z(6)?
-5
Suppose 14*i = 15*i + 6. Let p be (-76)/i - (-6)/(-9). Suppose p = 4*m, -q - 4*m = -0*q - 15. Let y(z) = z**3 - 3*z**2 - z + 3. Determine y(q).
0
Let a = 89768 - 43152. Let o(w) = -46616 - 9*w + a. Calculate o(2).
-18
Let o(g) = 17 - g**3 - g + 78*g**2 + 10 + 61*g**2 + 2*g**3 - 145*g**2. What is o(0)?
27
Let x be (14 - 0)/(-24*8/384). Let m(w) = -2*w**3 - 55*w**2 + 28*w - 6. Calculate m(x).
-6
Let z = -9658 + 9621. Let s(o) = 2*o + 59. What is s(z)?
-15
Let z(y) = 15*y + 160. Suppose 41 = -3*d - 2*p, -4*d - 109 + 69 = -p. Calculate z(d).
-5
Let w(o) = -o**2 - 1 - 3*o**2 - o**3 - 5 - 2*o - 1. Suppose 18 = -4*t - 3*d, d - 4 = -2*t + 6*d. What is w(t)?
-10
Let l = -221 - -222. Let d(g) = -g - 4 + l + 5. Give d(-10).
12
Let j(x) = 8750 + x**2 - 16*x + 23*x - 8737. What is j(-10)?
43
Suppose -8*v = 2*v - 60. Suppose -v*j = -0*j - 36. Let x(t) = 5*t**2 - t + 9. Let z(p) = -p**2 + p - 1. Let c(q) = -x(q) - 6*z(q). What is c(j)?
3
Let m(q) = 13 + 68 + 12*q + q - 10*q. Let p be m(-30). Let i(l) = 2*l**3 + 8*l**2 - 5 + 2*l - l**3 - 11*l. Determine i(p).
-5
Let h(w) = w + 2. Let t(v) be the first derivative of -v + v**3 + 1/4*v**4 - 1/2*v**2 - 19. Let j be t(-2). Calculate h(j).
7
Suppose 1 = 2*c - 4*h - 1, 2*h = 4*c + 26. Let d be 4/(4*(-3)/c). Let g(a) = -a + 7. Give g(d).
4
Let t = 504 + -358. Let m = -144 + t. Let q(r) = -3*r**3 + 3*r - 3. What is q(m)?
-21
Let y(u) = -5*u**3 - 45*u**2 - 100*u + 7. Let z(d) = 4*d**3 + 44*d**2 + 97*d - 6. Let b(v) = -5*y(v) - 6*z(v). Give b(41).
1
Suppose 3*b - 75 = -75. Suppose b = 7*a - a - 18. Let k(d) = 3 + 1 + 2*d + d. Give k(a).
13
Suppose 0 = a + j - 6, 3*a + 0*a = 2*j - 2. Suppose -2*l - 115 = -a*x + 7*x, 0 = -x + 5*l + 4. Let i = -15 - x. Let g(h) = 2*h + 1. Calculate g(i).
13
Let o(u) be the third derivative of u**4/8 + 49*u**3/6 + 4*u**2 - 2*u - 24. What is o(22)?
115
Let i(f) be the second derivative of 1/2*f**4 - 1/3*f**3 - 1/2*f**2 + 1/20*f**5 + 0 - 39*f. Let q(w) = w. Let m be q(-6). Calculate i(m).
11
Let u be (-6 - -4 - -3)/(3/633). Let n = u - 201. Let p(v) = v**2 - 10*v + 11. What is p(n)?
11
Let m(z) be the first derivative of 2*z**2 + z - 2. Suppose w = -2*w - 2*y + 288, y = -2*w + 193. Let n = w - 101. Calculate m(n).
-11
Let f(g) = 254*g - 84*g + 9*g**2 - 147*g - g**3 - 26. Determine f(11).
-15
Let j(m) be the first derivative of -m**4/4 - 5*m**3/3 + 5*m**2/2 + 7*m - 6031. Give j(-3).
-26
Let i(v) = v - 2. Let d(c) = -11*c + 13. Let q(k) = -d(k) + 3*i(k). Let y(m) = -6*m + 10. Let j(p) = 2*q(p) + 5*y(p). What is j(4)?
4
Let i = 7439 + -7443. Let j(s) = 2*s**2 + 3*s + 3. Let z(a) = 4*a**2 + 0*a**2 - 3*a**2. Let r(o) = j(o) - z(o). Give r(i).
7
Let v be (-33)/16 + 758/12128. Let i(u) = -2*u**2 - 2*u**2 + 1 - 4*u + 2*u. Calculate i(v).
-11
Let z(q) be the second derivative of q**4/6 - 5*q**3/2 + 13*q**2/2 - 1420*q. Calculate z(1).
0
Let z = 283 + 19. Let b = -298 + z. Let c(y) be the first derivative of y**3/3 - 3*y**2 + 4*y + 1. What is c(b)?
-4
Let m(a) = 54*a + 99. Let g(s) = -80*s - 8722. Let z be g(-109). Give m(z).
-9
Suppose -5*f + 160 = -5*k - 4*f, 5*k - 5*f = -160. Let c = k + 38. Let i(g) = 3*g - 7. What is i(c)?
11
Let y(u) be the third derivative of -13*u**4/12 - u**2. Let j(v) = -6*v - 119. Let z(r) = r**2 + 12*r + 15. Let h be z(-7). Let k be j(h). Determine y(k).
-26
Let f(m) = -48 + 2*m**2 + 53 + 1720*m - 1679*m. Determine f(-21).
26
Suppose -2*n = -5*n + 33. Let v(c) be the third derivative of -c**4/24 + c**3/3 + 3069*c**2. Give v(n).
-9
Suppose 10*w + 3 = 13*w + 5*s, 3*s = 0. Let b(z) = 5*z + 8*z + 1 - 2*z - z + w. Give b(-1).
-8
Let s(r) = -4*r - 3. Let q(v) = -v**2 + 5*v + 9. Let c(k) = -3*q(k) - 8*s(k). Determine c(-6).
3
Suppose 5*f = -10*f - 270. Let h = -15 - f. Let q(d) = 3*d**h - 4*d**3 + 6*d + 6*d**2 + 4*d - d - 10. Calculate q(7).
4
Let w(z) be the third derivative of -z**8/20160 + z**6/720 + z**5/12 + z**3/6 - 5*z**2 + 4. Let g(u) be the third derivative of w(u). Calculate g(1).
0
Let g(t) be the third derivative of 0*t - 1/6*t**4 + 3 + 0*t**3 - 1/60*t**5 - t**2. Calculate g(-3).
3
Let m(q) = -11*q**2. Let u be 2/3 + -8 + (-148)/(-12). Suppose 9*f = 14 - u. Determine m(f).
-11
Let r(u) = 37 - 66 - 3*u + 38. Let n = 41 + -37. Calculate r(n).
-3
Let v be (180/80)/(6*(-7)/112). Let m(o) = o**2 + 4*o + 2. Let r be m(-4). Let l(n) = 5*n + 4 - 4*n - r. Calculate l(v).
-4
Let h(b) be the 